rd derivative of h**6/360 - h**5/15 + h**4/3 - 31*h**3/6 + 35*h**2. Let o(y) be the first derivative of f(y). Give o(6).
-4
Let a(i) = 2*i**2 + 15*i + 6. Let l = -2046 + 2039. What is a(l)?
-1
Let x(b) = 4*b - 3. Let f(r) = r**2 - 4*r + 7. Let h be f(4). Suppose -m = -h + 10. Calculate x(m).
-15
Let o(p) = -2*p - 1. Let f(h) = -h. Let d(u) = 3*f(u) - o(u). Let w(z) be the second derivative of z**4/4 - z**3/6 - z**2 + 4*z. Let i be w(-1). Give d(i).
-1
Let h(n) be the first derivative of n**2 - 19*n - 84. Give h(8).
-3
Let n be 1/4 - (3 - (-13)/4). Let g(t) = -t**3 - 5*t**2 + 4*t - 7. Give g(n).
5
Let v(r) = 2*r**3 + r**2 - r - 3. Let m = -1783 - -1785. What is v(m)?
15
Let b = 58 + -55. Suppose -5*r - 17 = b*g, -4*g + 0*g - 2*r = 4. Let c(s) be the second derivative of -11*s**4/12 + s**3/3 - s**2/2 + s. Determine c(g).
-10
Let c(v) = 3*v**3 + v**2 + v - 2. Let w be c(3). Suppose -w*s - 2 = -89*s. Let b(q) = q + 1. Calculate b(s).
0
Suppose -3*o - 37 + 6 = 5*u, -4*u = -o + 35. Let y(v) = -3*v + 10. What is y(u)?
34
Let q(r) = 5*r. Let u = 356 - 351. Calculate q(u).
25
Let f(m) = -m - 1. Let t(n) = -5*n - 4. Let h(d) = 6*f(d) - t(d). Suppose -103 = 9*u - 49. Give h(u).
4
Let c(n) = -5*n**2 + 23*n - 8. Let t(g) = -4*g**2 + 17*g - 7. Let v(m) = 3*c(m) - 4*t(m). Give v(0).
4
Let m(a) = 2*a**2 - 15*a - 4. Let v(l) = -127*l - 2 - 3*l**2 + 4*l**2 + 119*l. Let s(i) = 3*m(i) - 5*v(i). Calculate s(4).
-6
Let b(d) be the third derivative of 0 + 0*d + 1/24*d**4 - 6*d**2 + 1/2*d**3. Determine b(4).
7
Let r(j) = 6*j**3 - 3*j**2 - 3*j + 6. Let g be r(3). Let k = g - 126. Let s(p) = -p + 4. Determine s(k).
-2
Let p(g) = 2*g**3 + 9*g**2 + 17*g. Let t(d) be the first derivative of -4/3*d**3 + 2 - 9/2*d**2 - 1/4*d**4 + 0*d. Let z(w) = 3*p(w) + 5*t(w). What is z(-6)?
0
Let n be (-548)/14 - -1 - (-2)/14. Let t = n - -38. Let r(w) = w + 15. Give r(t).
15
Let f(c) = -c**3 + 6*c**2 - c + 7. Let s(d) = -2*d + 44. Let j be s(19). Calculate f(j).
1
Let z(f) = -f**2 + 8*f + 13. Let g be z(9). Let a(p) = -3 + 4*p + g*p**2 + 4 + p - 3*p**2. Calculate a(-4).
-3
Let t(g) = 14*g - g + 10 - 12*g. Calculate t(-10).
0
Let m(r) = r**3 + 8*r**2 + r + 8. Let j(b) = -b**2 + 10*b - 15. Let u be j(7). Suppose -8*w + u*w - 16 = 0. Calculate m(w).
0
Let f(q) = 0*q + 9*q + 4*q + 7*q + q**2 - 4 - 13*q. Let i = -10 - -4. Give f(i).
-10
Let c(y) = -2*y + 2. Let q be c(4). Let k(s) = 7 - 12 - s - 3. Determine k(q).
-2
Suppose -n - 5 = 2*c - 7, 0 = 3*n - 2*c - 30. Let r(f) = f**2 - 7*f - 17. Give r(n).
-9
Let f be (3 - 6 - 0)*(-26)/13. Let k(o) be the first derivative of o**3/3 - 7*o**2/2 - 3*o - 1. What is k(f)?
-9
Let g(h) = -h - 11. Let r be 2/4 - (-13)/(-26). Give g(r).
-11
Let q(j) = 13*j - 4. Suppose 0 = -2*a - 81 + 73. Let d(v) = -299*v + 91. Let k(r) = a*d(r) - 91*q(r). Give k(1).
13
Let n(l) = -9*l**3 + 19*l**2 + 15*l + 4. Let t(x) = 4*x**3 - 9*x**2 - 7*x - 3. Let g(u) = -3*n(u) - 7*t(u). What is g(7)?
-12
Let j(a) = -12*a + 3. Let k be (30/280*8)/(4/(-14)). What is j(k)?
39
Let d(f) = f**3 - 6*f**2 + 3*f - 4. Let t = 5 - -4. Let l(s) = 4*s**3 - 25*s**2 + 12*s - 16. Let k(y) = t*d(y) - 2*l(y). Give k(3).
-4
Let m be -8 + -1 + (-1 - -2). Let a be (-32 - -31)/(1/(-16)). Let q(x) = 10*x - x**3 - 7*x**2 + 5 - a*x + 0 + 14*x. What is q(m)?
5
Let m = 7 - 3. Let a(b) be the third derivative of b**4/8 + b**3/2 + 463*b**2. What is a(m)?
15
Let x(d) = 2*d + 7. Let c(g) = -1. Let n(j) = -3*c(j) + x(j). Suppose -8 = o + 3*u, 0*u - 24 = 3*o + 5*u. Determine n(o).
-6
Let k = -5 - 1. Let q be (-8)/k + (-14)/(-21). Let z(p) = -7*p + 1. Calculate z(q).
-13
Suppose 181*l - 186*l = 0. Let z(o) = -o - 8. What is z(l)?
-8
Let p(i) = 16*i + 2. Let c(w) = 5*w - 4*w + 6*w + 1 + w. Let n(r) = 5*c(r) - 2*p(r). Calculate n(1).
9
Let r(i) = -6*i**2 + 9*i + 7. Let w(n) = 5*n**2 - 9*n - 8. Let v(u) = 6*r(u) + 7*w(u). Let z be v(-6). Let f(p) = p**2 - p - 3. What is f(z)?
9
Let y(p) be the third derivative of -7/24*p**4 - 7/6*p**3 - 1/60*p**5 + 0 + 0*p + 48*p**2. Calculate y(-6).
-1
Let s(m) = -4*m + 2. Let v(u) = -3*u + 2. Let y(w) = -2*s(w) + 3*v(w). Let r be -11 - 0 - (1 + -2). Let j = -6 - r. What is y(j)?
-2
Let f(z) be the second derivative of -z**4/6 + 2*z**3/3 + z**2 - 4*z - 4. Let r be 352/80 - 2/5. Determine f(r).
-14
Let p(m) = -2*m**2 + 3*m. Let b(w) = -5*w**2 + 14*w + 2. Let j(k) = b(k) - 2*p(k). Calculate j(7).
9
Let v(i) = i**2 + 17*i + 18. Let w be v(-16). Let g(m) = m**3 + 4*m**2 - 7*m. Let l(u) = u**2 - u. Let t(y) = g(y) - 5*l(y). Calculate t(w).
0
Let r(c) be the third derivative of 0 - 1/40*c**5 - 1/3*c**3 - 1/360*c**6 - 3*c**2 + 0*c + 1/12*c**4. Let z(y) be the first derivative of r(y). Determine z(-2).
4
Let z(t) be the third derivative of -5*t**4/24 - 7*t**2. Let p be 2 + 2 + 0/(-3). Suppose 2*w - 28 = p*s - 3*w, 3*s - 14 = -5*w. What is z(s)?
10
Let q(i) = -2*i**2 - 6*i - 6. Let l(t) = t**2 + 6*t + 6. Let y(d) = -3*l(d) - 2*q(d). Let w = 1598 + -1592. Give y(w).
-6
Let h(r) = r + 4. Let q(y) = 3*y + 2. Let p be q(0). Suppose -g - 3*n + 6 = -0, 4 = 2*g + p*n. Let o be 0/(-16) - (g - -3). Give h(o).
1
Suppose 3*h - 5*y = -9, -5*h + 3 = 5*y - 22. Let w(r) = 40 + r - 34 + h*r - 4*r**2 + 3*r**2. What is w(5)?
-4
Let w = -236 + 233. Let r(p) = -2*p**3 - 5*p**2 - 4*p - 4. Determine r(w).
17
Let i = 90 + -74. Let s(h) = -2 - i*h**2 - 21*h**2 + 36*h**2. Calculate s(-2).
-6
Let b = -11 - -15. Let s(m) = -m**2 + 3*m - 1. Determine s(b).
-5
Let j(d) be the first derivative of -d**4/4 + 4*d**3/3 - d - 2. Let t be 20/130 + 2/(52/74). Determine j(t).
8
Let f(m) be the first derivative of m**4/12 + m**3/2 - 4*m**2 + 16. Let q(z) be the second derivative of f(z). Determine q(-5).
-7
Let h(c) = 3*c**2 - 5*c - 4. Let a(q) = q**3 + 9*q**2 + 13*q + 39. Let r be a(-8). What is h(r)?
4
Let t(s) = -10 + 9 - 21*s + 19*s - 10*s**3. Let h(o) = 0*o + 0*o**2 + o**2 + o. Let p(l) = -h(l) - t(l). Determine p(-1).
-11
Let y(w) = w**3 + 3*w**2 - 2*w - 2. Let v(n) = n**2 + n + 2. Let x(s) = -5*v(s) - y(s). Determine x(-8).
16
Suppose -26*x + 72 = -2*x. Let g(u) = 6*u + 3. Let q(f) = 7*f + 3. Let w(a) = 6*g(a) - 5*q(a). Determine w(x).
6
Let m be ((-12)/(-10)*1)/(6/(-20)). Let n be (12 - 9) + m/1. Let l(r) = 23*r + 1. Determine l(n).
-22
Let p(l) = l + 9. Let m(u) = 0*u - 3*u + 8 - 4*u + 4*u. Let s be m(4). Determine p(s).
5
Let u(g) = 5*g + 11. Let v(o) = -9*o - 21. Let i = 4 + 0. Let r(j) = i*v(j) + 7*u(j). Let d be ((-532)/(-57) + -8)*(-45)/10. What is r(d)?
-1
Let x(n) = -n**3 + 6*n**2 + 2*n - 7. Let h be x(6). Let r(s) be the first derivative of -s**3/3 + 5*s - 943. Give r(h).
-20
Let x be 1274/(-147) + (-2)/(-3). Let o(a) be the third derivative of -a**5/60 - a**4/3 - a**3/2 - a**2. Determine o(x).
-3
Suppose -5 = 5*x + 30. Let m(q) = -q**2 + 12*q. Let f(t) = 2*t**2 - 41*t + 5. Let w(y) = f(y) + 3*m(y). Calculate w(x).
-9
Let a(n) = -6*n**2 + n - 2. Let m(o) = -o**2. Let t(u) = -a(u) + 4*m(u). Suppose 1217 - 1175 = -21*k. Determine t(k).
12
Let u = -1579 - -3165/2. Let k(t) be the second derivative of 0 - 7*t + 1/6*t**3 - u*t**2. What is k(6)?
-1
Suppose 0 = -i - 3*i. Suppose z + 1 = -i. Let y be (4 - 1)*(-1)/z. Let o(x) = x**2 - 4*x - 2. Determine o(y).
-5
Let o(j) = 2*j + 7*j - 1 - 12*j + 5*j + 0*j. Let l = 6 + -4. Calculate o(l).
3
Suppose 0*t + 2*t - 29 = 5*z, -3*z = 2*t + 11. Let n(h) be the second derivative of 1/6*h**3 + h**t + 0 + 2*h. What is n(-1)?
1
Suppose 4*o + 8 - 20 = -4*g, -g = -1. Let f(d) = -7 + 3*d + o*d + d - 7*d. Let w be (-2 + 2)/(4/(-2)). Determine f(w).
-7
Suppose 4 = -3*f - 11. Let a(h) = -h + 6 - 3*h + 7*h + 4*h + h**2. Determine a(f).
-4
Suppose 3*t - v = 24, t + t - 3*v = 16. Suppose 3*f - 6 = -3*i, 0*f + i + t = 4*f. Let j(k) = f*k + 5*k**2 - 8 - 2*k - 4*k**2 + 5*k. Give j(-6).
-2
Suppose -3*w + 0*q - 5*q + 25 = 0, 2*q = w + 10. Let a(m) = -m. Let y(c) = -2*c - 5. Let d(k) = 3*a(k) - y(k). What is d(w)?
5
Suppose -2*p + 0*p = -6. Suppose 11 = -f + p*l, 5*f - 3*l = 7 - 2. Let c(a) = 7 - 1 - 3 - 7 + 4*a + 0. Calculate c(f).
12
Let i(h) = -5*h**3 + 7*h**2 - 9*h. Let s(a) = 3*a**2 + a**2 - 6*a**3 - 10*a + 0*a**3 + 3*a**2. Let p(c) = 5*i(c) - 4*s(c). Let b = 8 - 2. Give p(b).
6
Let x(b) = 9*b**2 + b - 1. Let s(t) = t**3 + 5*t**2 - t - 3. Let i be s(-5). Suppose 4*g - o = i*g + 6, 5*g = 5*o 